+ 0*a = -4*d + 33. What is the remainder when d is divided by o?
1
Let p(v) = 33*v**2 - 293*v + 294. What is the remainder when 767 is divided by p(1)?
19
Let t = -49 - -63. Suppose d - 5 = 14. Suppose d = -4*m + 175. Calculate the remainder when m is divided by t.
11
Let o be 0 - (2 + -6 - -8). What is the remainder when (-1)/(o/8060*5) is divided by 29?
26
Let f(n) = -n**3 - 47*n**2 + 150*n + 218. Calculate the remainder when 624 is divided by f(-50).
188
Suppose 3*p + 1665 = 5*d, 54*p = 5*d + 57*p - 1635. Suppose -41*v = -44*v + d. What is the remainder when v is divided by 60?
50
Let a be 0 - 1/((-3)/30). Suppose 0*j - 3*j = g - a, -j + 51 = 4*g. Let h(m) = -2498*m - 2434. Calculate the remainder when h(-1) is divided by g.
12
Calculate the remainder when 34/187 + 26/(1/((-195)/(-66))) is divided by (6 + -4)/((-4)/(-26)).
12
Let p = -151 - -221. Suppose -2*o + 5*z + p + 370 = 0, 0 = o + z - 213. What is the remainder when o is divided by 56?
47
Suppose 0 = -3*p - q + 53, 2*p = 7*p - 5*q - 55. Let m(x) = x**2 + 13*x + 19. What is the remainder when p is divided by m(-12)?
2
Suppose -30*i = 6375 - 31065. Calculate the remainder when i is divided by 75.
73
Suppose 3*i - a - 1315 = 0, 110*a = -2*i + 106*a + 858. Calculate the remainder when i is divided by 77.
52
Let f(i) = i**2 + 102*i + 2353. Suppose 56 = -4*b - 208. Let d = 121 + b. What is the remainder when d is divided by f(-67)?
7
Calculate the remainder when 318 is divided by 228/(-20)*((-86)/18 - 52/234).
33
Let c = -761 - -767. Suppose 0 = -t + 5*h - 2*h + 282, 2*h = -t + 287. Suppose 0 = -8*r + 3*r + t. What is the remainder when r is divided by c?
3
Suppose 87*c - 8492 = 43*c. Suppose -5*x + 300 = x. Calculate the remainder when c is divided by x.
43
Let g(b) = 108*b**3 - 3*b**2 - 2*b + 3. Let v(z) = 16*z - 79. Let n be v(5). Calculate the remainder when g(n) is divided by 54.
52
Suppose 0 = -14*u + 21133 + 7175. What is the remainder when u is divided by 22?
20
Calculate the remainder when 2681 is divided by 1*-1*-2*(-8 - -25).
29
Suppose 2*w = 10*w + 32. Let p = -10 - w. Calculate the remainder when (117/6)/(p/(-8)) is divided by 9.
8
Suppose -2*l - l = -408. Suppose -2705 = -5134*d + 89707. What is the remainder when l is divided by d?
10
Suppose -3*r - 5*f = -0 - 4, 4*r + 10 = f. What is the remainder when 275 is divided by (r/(-6))/(51/1836)?
11
Let x(c) = c**2 + 20*c + 4. Let m be x(-30). Suppose h = -2*v - 0*h + m, -h - 158 = -v. What is the remainder when v is divided by 55?
44
Let k(h) = -3*h - 5. Let b = -33 + 39. Suppose 8*v = g + 6*v - b, -5*g = -2*v - 22. What is the remainder when k(-4) is divided by g?
3
Let y(s) = -8*s**3 + s. Let i be y(-1). Suppose 3*a - 36 + 33 = 0, 2*p + 5*a = -1. Calculate the remainder when 38 is divided by 16 - (p + i)/2.
10
Let j = -36 + 41. Suppose 0*z - 113 = -2*y + 5*z, z + j = 0. What is the remainder when y is divided by 23?
21
Calculate the remainder when 6432 is divided by (-3)/(-10*(-4)/120) - -122.
104
Suppose -4 = -4*d - 12, 6*w + 3*d - 12 = 0. Let s = -5 - -8. Suppose 0 = -s*n + n + w*k + 133, 5*n = k + 313. Calculate the remainder when n is divided by 22.
18
Suppose -53*z = -58*z + 2920. Suppose 304 = -10*w + z. Calculate the remainder when 88 is divided by w.
4
Let b = -465 - 297. Let n = 980 + b. Calculate the remainder when n is divided by 26.
10
Let n = -8737 + 8809. Let v = 24 + -9. What is the remainder when n is divided by v?
12
Calculate the remainder when ((-559)/(-78) + -3)/(4/312) is divided by 3.
1
Let d(n) be the second derivative of n**4/12 - n**3/6 - 3*n**2/2 - 6*n. Let o be d(-2). What is the remainder when (o + (18 - -4))*6/10 is divided by 8?
7
Let q(w) be the first derivative of w**3/3 - 3*w**2/2 - 29*w + 14. What is the remainder when 117 is divided by q(9)?
17
Let r = 8678 + -8087. What is the remainder when r is divided by 18?
15
Let n = 87 - -150. Suppose n = -h + 306. What is the remainder when h is divided by 26?
17
Suppose j + b = 5*j - 5628, -4*j + 5652 = -4*b. What is the remainder when j is divided by 234?
1
Suppose 0 = 5*s + 3*t - 217, -126 = -16*s + 13*s - 6*t. What is the remainder when 52 is divided by s?
8
Let i(s) = -276*s + 1863. Calculate the remainder when 676 is divided by i(6).
55
Let c(y) = y**2 - 13*y + 242. What is the remainder when c(27) is divided by 4?
0
Let a(z) = -z + 12. Let q = -280 - -300. Suppose 4*g - q = -2*v, -2*v + 27 = 5*g + v. What is the remainder when a(6) is divided by g?
0
Suppose 0 = -7*l - 1551 - 941. Let i = l + 467. Calculate the remainder when i is divided by 56.
55
Suppose -249 = -4*z - 3*j + 412, j = -z + 166. Calculate the remainder when z is divided by 41.
40
Let w(d) = d**3 + d. Let o(n) = -2*n**3 - n**2 - 4*n - 2. Let l(k) = -o(k) - 5*w(k). Calculate the remainder when l(-3) is divided by (606/(-707))/(4/(-154)).
29
Let z be (5 + (-63)/12)*-20 + 1. What is the remainder when 187 + (z - 6)/4 is divided by 56?
19
Let i be (9/6)/(4 + (-29)/8). Suppose i*y + 26 = 162. Let q = 24 + -17. Calculate the remainder when y is divided by q.
6
Suppose -24*s = -25*s - 2*f + 83, -4*s + 326 = 2*f. Suppose s*h = 76*h + 230. Calculate the remainder when 136 is divided by h.
44
What is the remainder when 168 is divided by 60 + 40/(2 - -6)?
38
Let i(r) = -r**3 - 11*r**2 + 14*r + 24. Suppose 52 = -5*b - 8. Let c be i(b). Suppose -5*z + c*z + 70 = 0. Calculate the remainder when z is divided by 3.
2
Suppose 619 = 4*u + 4*f + 199, 420 = 4*u - 4*f. Calculate the remainder when 717 is divided by u.
87
Suppose 15*c + 194 = 599. Suppose 8 = f - 0*f. Suppose -h - 4*k = f, -4*h + 28 = h + 3*k. Calculate the remainder when c is divided by h.
3
Let o(j) = -j**2 + 10*j + 9. Suppose -78*t + 81*t = -3. Let h be 28/4 + t + 2. Calculate the remainder when 122 is divided by o(h).
22
Suppose 40 = 3*h - 680. Let k = h - 207. Calculate the remainder when 57 is divided by k.
24
Let y(w) = 10*w - 34. Let q(d) = d - 2 + 24 - 5 - 6*d. Let v(u) = 5*q(u) + 2*y(u). What is the remainder when v(-9) is divided by 22?
18
Suppose 3*d = -12 + 30. Let s(p) = p**2 - 5*p + 11. Let z be s(5). Suppose 120 = 19*f - z*f. What is the remainder when f is divided by d?
3
Suppose -14*o = -6*o - 152. Let u = o + -15. Suppose -3*j + u + 27 = k, -4*k = -3*j - 64. Calculate the remainder when k is divided by 4.
3
Let p(s) = -s**2 - 33*s - 192. Let l = -20 + 46. What is the remainder when l is divided by p(-8)?
2
Suppose 0 = 3*y - 2*y - 11. Suppose -i + 22 = -28 + 38. What is the remainder when i is divided by y?
1
Let w(x) = 2*x**2 - 99*x + 988. What is the remainder when 187 is divided by w(39)?
18
Suppose -l = -211*t + 213*t - 1293, 0 = 5*t + 4*l - 3222. Calculate the remainder when t is divided by 21.
20
Let i = -2259 + 2268. What is the remainder when 4481 is divided by i?
8
Let j = -5038 - -5119. What is the remainder when j is divided by 43?
38
Let g(t) = 40*t**3 - 4*t**2 - 82*t + 87. Suppose 3*o + l = -131 + 487, -5*o = 5*l - 600. Calculate the remainder when o is divided by g(1).
36
Suppose -3*l - 4*k = -27, l - 9 = -0*l - 4*k. Calculate the remainder when ((6/l)/1)/((-2)/(-459)) is divided by 54.
45
Let d(p) = p**2 + 3*p - 2. Suppose c - 1 + 2 = -y, -5*c - 4*y - 4 = 0. Let m be d(c). What is the remainder when (m/(-3))/((-2)/(-81)) is divided by 12?
3
Let v(m) = 16*m - 176. Let c be v(11). Suppose c = 50*h - 48*h - 230. What is the remainder when h is divided by 21?
10
Suppose -5*a - 42 = -y, y = -0*a - 3*a + 42. Suppose -j - 4*h + 27 = 0, 89*j - h = 86*j + 42. What is the remainder when y is divided by j?
12
Let c(u) = -6*u**2 + 46*u + 128. Calculate the remainder when 10639 is divided by c(9).
55
Let o(u) = 11 + 5 + 13*u + 7 - 12. Let c be o(1). Suppose 17*a + 119 = c*a. What is the remainder when 48 is divided by a?
14
Let p(i) be the third derivative of -5/24*i**4 + 0*i + 10*i**2 + 0 - 2*i**3. What is the remainder when 44 is divided by p(-7)?
21
Suppose 3*d + 3*k = -15, 3*d - k - 11 + 6 = 0. Suppose -4*h + 282 - 130 = d. Calculate the remainder when 151 is divided by h.
37
Suppose 1291*j - 1176*j = 57500. What is the remainder when j is divided by 75?
50
Let b(p) = 5*p**2 - 150*p - 1060. Calculate the remainder when b(-7) is divided by 150.
85
Let n(a) = 5*a**2 - 73*a - 16. Suppose -12*v + 6*v + 96 = 0. 